 4*t = 40. What are the prime factors of ((-182)/35)/((-2)/t)?
2, 13
Let z be (1 - 0)*(4 + -2). Suppose -5 = -z*t + 15. What are the prime factors of t?
2, 5
Let g = 603 - 263. List the prime factors of g.
2, 5, 17
Let h(g) = -14*g. What are the prime factors of h(-27)?
2, 3, 7
Let x = 11 + 18. Suppose x = t + 8. What are the prime factors of t?
3, 7
What are the prime factors of (-9 - 8)/((-1)/3)?
3, 17
Let k = 30 - 10. Suppose -k = -5*v - 3*p, -p - 2*p + 16 = 4*v. Suppose 0 = 5*z - v*d - 4, -5*d = 4*z - 13 - 23. List the prime factors of z.
2
What are the prime factors of (1 + -133)/(-4 + 8 - 5)?
2, 3, 11
Let m(s) = s**3 + 3*s**2 - 6*s - 3. Let b be m(-4). List the prime factors of (-3 + 2)*(-20)/b.
2
Let x be 30/(-12)*16/10. What are the prime factors of (6/x)/((-5)/10)?
3
Let y = 116 - 101. List the prime factors of y.
3, 5
Let t(m) = -m**2 - 6*m + 179. What are the prime factors of t(0)?
179
List the prime factors of 1/(4 - 348/88).
2, 11
Let i = 190 + -113. What are the prime factors of i?
7, 11
Let i(q) = q**3 + 7*q**2 - 8*q + 4. Let k be i(-8). Suppose 0 = -k*h + 4 + 4. Suppose 0*a - h*a + 18 = 0. List the prime factors of a.
3
Let x(r) be the second derivative of -r**4/12 + 5*r**3/6 + r**2/2 + r. Let l be x(6). Let p = l + 9. What are the prime factors of p?
2
Let g be 26/3 - 6/9. Suppose 6*r + g = 2*r. What are the prime factors of -1 - (r + 0 + -9)?
2, 5
Let y = 36 - 24. What are the prime factors of y?
2, 3
What are the prime factors of (-22)/143 + 394/26?
3, 5
Let m(v) = -v**3 + 3*v + 5. Let d be m(-4). Let b = d - 26. List the prime factors of b.
31
What are the prime factors of (609/6)/((-2)/(-4))?
7, 29
Let x(i) = -34*i + 26. What are the prime factors of x(-5)?
2, 7
Let z(g) = g**3 - 9*g**2 - g + 1. Let b be z(9). What are the prime factors of (b - -6)*(0 + -1)?
2
Let a(l) = -l**3 - 4*l**2 + 6*l + 5. Let p be a(-5). Let g(c) = 0*c**3 - 10*c**3 + 1 + p*c + c. List the prime factors of g(-1).
2, 5
Let z = -14 - -44. Let f(u) = -u + 12. Let c be f(9). Suppose -4*t - 92 = -c*m - 26, z = 2*m + 2*t. List the prime factors of m.
2, 3
What are the prime factors of (20/(-30))/(2/(-69))?
23
Let w(b) = 13*b - 30. What are the prime factors of w(7)?
61
Let k = -27 + 32. List the prime factors of k.
5
Suppose -2*p + 502 = 4*c - 2*c, -2*c + 490 = -p. What are the prime factors of c?
13, 19
Let f be 1 + (252/3)/3. Suppose 19 + f = 4*l. What are the prime factors of l?
2, 3
Suppose 6 - 30 = 3*l. Let j = l + 0. What are the prime factors of 1 + 1/(-1) - j?
2
Let x(n) = -n**2 + 4*n + 3. What are the prime factors of x(4)?
3
Suppose 0 = p + 3*p + 8, 2*f - 2*p - 512 = 0. What are the prime factors of f?
2, 127
Let s(m) = -m**3 - 4*m**2 + 5*m + 5. Let h be s(-5). Let t = h - -4. What are the prime factors of t?
3
Suppose 0 = 4*v - 0*v + g - 6, -4*v + 3*g - 2 = 0. Let q be (-3*v)/(-1 + 0). What are the prime factors of q*(1 - -2)*1?
3
Let r(y) = y**3 + 8*y**2 - 3*y + 5. Let o be r(-4). Let j = o + -58. What are the prime factors of j?
23
List the prime factors of ((-14)/3)/(18/(-243)).
3, 7
Suppose 2*g = 3*d + 11, -6*g - 4*d + 46 = -4*g. Let h = 0 + g. List the prime factors of h.
13
Let n = -9 + 9. Suppose n = 5*a - 3*o - 10, 2*o - o = 5*a - 10. List the prime factors of 4/a - (-18 + 0).
2, 5
Suppose 3*o - 24 = -o. List the prime factors of o.
2, 3
Suppose 2*o = 4*l - 14, -7 = -5*l + 3*o + 12. What are the prime factors of l?
2
Suppose -5*s = 0, 3*l + 9 = 3*s - 0*s. List the prime factors of (-60)/l*8/5.
2
Let s = 16 - 9. Let z(v) = -v**2 + 8*v - 4. What are the prime factors of z(s)?
3
Let y be 4/10 + (-112)/(-20). Suppose 2*c - 5*c = -y. List the prime factors of c.
2
Let u = 15 - 13. List the prime factors of (u/(-4))/(11/(-176)).
2
Suppose l = 214 - 69. What are the prime factors of l?
5, 29
Let d be (-272)/10 - (-1)/5. Let w be d/(-5) + (-4)/10. Let u = w - 3. List the prime factors of u.
2
Let p = 20 + -17. Suppose -4*f = -5*k - 0*f + 99, -3*k - p*f = -54. List the prime factors of k.
19
Suppose 9 = p - 6. What are the prime factors of p?
3, 5
Suppose 0 = -0*x + 5*x - 2*u + 6, -4*x - u - 10 = 0. List the prime factors of x/7 + 216/21.
2, 5
Let i(b) = b**2 - 3*b + 6. Suppose -3*q = -5*n + 18, q + 14 = 2*n + n. List the prime factors of i(n).
2, 3
Suppose -q = 4*q. Suppose q = 3*i - 3. Let m = i - -3. What are the prime factors of m?
2
Suppose 4*p = 2*p + 6. Suppose s + b = -8, 0*b - p*b - 30 = 4*s. Let m(c) = c**2 + 3*c - 6. List the prime factors of m(s).
2, 3
Suppose 0 = g - 58 - 18. List the prime factors of g.
2, 19
Let a(g) = -3 + 6*g - 5*g - 5*g. Let h be a(-2). Suppose -4 = 2*i - h*f - 16, 2*f - 12 = -2*i. List the prime factors of i.
2, 3
Suppose 1 + 1 = n. Let i be (-4)/(-1) + -1*n. What are the prime factors of (5 - 4)/(1/i)?
2
Let u = -3 + 3. Suppose u = 7*k - 2*k - 20. Suppose f - 2*r - 2 = 0, k*f = 2*f - 3*r + 11. List the prime factors of f.
2
What are the prime factors of (-31*1)/((-4)/4)?
31
Suppose -3*x = -t + 52, -2*x - 6*t - 12 = -t. Let m = x - -49. What are the prime factors of m?
3, 11
Suppose -5*t = -2*t + 4*c + 60, -c = 0. What are the prime factors of (t/5)/((-2)/5)?
2, 5
Suppose 3*x = -2*y + 3, -x - 6 - 6 = 5*y. Let l = y - -5. Suppose 0 = 5*j - 25, l*m - 4*j = -m + 7. List the prime factors of m.
3
Suppose 474 = 12*k - 9*k. What are the prime factors of k?
2, 79
Let a(p) = p**3 + 36. What are the prime factors of a(0)?
2, 3
Let y be (-1 + 10)*2/2. Suppose -2*s - 3 - 17 = 2*x, -3*s - 25 = 2*x. Let u = y + s. What are the prime factors of u?
2
Let a = -3 + 3. Suppose -5*v + 9 + 1 = a. Suppose 14 = 3*z - o, -v = -z - 2*z + 4*o. What are the prime factors of z?
2, 3
Let f(y) = -y**3 + 4*y**2 - 2*y + 4. Let o be f(3). Let z(s) = 4 - o*s + 16*s - 3. What are the prime factors of z(1)?
2, 5
Let f = 0 + 2. Let k(s) = -s**3 + 4*s**2 - 2*s + 3. What are the prime factors of k(f)?
7
Suppose 5*x = 3*x. Suppose h + p = 3, x = -3*h + p - 0*p + 13. What are the prime factors of h?
2
Suppose -33 = -5*b + 2*b. What are the prime factors of b?
11
What are the prime factors of (-2)/7 + (-205)/(-7)?
29
Let z = -34 - -76. List the prime factors of z.
2, 3, 7
Suppose -5*v = 5*f - 400, -2*v - 2*f = -5*f - 175. List the prime factors of v.
83
Let c(p) = p + 5. Let q be c(4). Suppose -q = -5*t + 46. What are the prime factors of t?
11
Suppose 2*j - 4*o - 36 = 0, -5*o = 5*j - 3*o - 42. List the prime factors of j.
2, 5
Suppose -46 - 418 = -2*w. List the prime factors of w.
2, 29
Let c = 56 + 58. List the prime factors of c.
2, 3, 19
Suppose 3*v - v = -8. Let o = -8 + 17. Let a = o + v. List the prime factors of a.
5
Let q(j) = -j**3 - 13*j**2 - j - 4. Suppose 65 = -4*s - s. List the prime factors of q(s).
3
Let n = 364 - 146. List the prime factors of n.
2, 109
Let i be (7/14)/((-1)/(-10)). Suppose 0 = 3*w - i*w + 116. What are the prime factors of w?
2, 29
Let v be 0 + 0 - 66/(-2). Let k = -31 + 14. Let p = k + v. List the prime factors of p.
2
Let w be (-12)/9 + 20/6. Let s = 25 - w. List the prime factors of s.
23
Let n(r) = r + 13. Let i be n(9). Suppose 0 = 5*v - i - 63. List the prime factors of v.
17
Suppose -2*i = 2*g - 6, 5*g = -i - 0*i + 23. Suppose 4*k - 72 = v, -20 = -k - g*v - 2. List the prime factors of k/(-5)*20/(-6).
2, 3
Let m = -11 - -14. What are the prime factors of m?
3
Let q(m) = -2*m**3 + m**2 - m - 1. Let a be q(-1). What are the prime factors of 14 - (-2 - -3)*a?
11
Suppose -5*j + j = -144. What are the prime factors of j?
2, 3
Let g(a) = -a**2 - 10*a. Let r(m) = m**2 + 4*m. Let i be r(-3). What are the prime factors of g(i)?
3, 7
Let n = -11 - -15. Suppose 0 = -3*c - 5*m + 4, n*m - 6 - 2 = -4*c. List the prime factors of (-3)/c - (-13 + 0).
2, 3
Let b(s) = -s**3 - 5*s**2 - 5*s - 3. Let z be b(-3). Let w = 8 + z. List the prime factors of w*((-7)/(-2) - -1).
3
Let c be -3 - 5/((-5)/(-2)). Let b(k) = -k**2 - 4*k - 4. Let p be b(c). Let i = p - -16. List the prime factors of i.
7
Let w = 3 - 0. Let t be (7 + 5)/(w/(-4)). Let h = -9 - t. List the prime factors of h.
7
Suppose -5*f + 70 = -35. Let l be ((-18)/f)/(1/7). Let y = -1 - l. What are the prime factors of y?
5
Suppose -8*h + 4*h = 4. Let k be h*(1 + -1 - 2). Suppose -5*m - k = -i - 0, 4*i - 8 = -5*m. List the prime factors of i.
2
Suppose 2*b = -3*f - 80, 